 28*j**2 + 29*j + 22. Determine v(-27).
-32
Let v(m) = 54*m**2 - 57*m - 1592. What is v(6)?
10
Let a(i) = -i**3 - 57*i**2 + 2*i - 52. What is a(-57)?
-166
Let r(n) = -279*n + 2232. What is r(8)?
0
Let s(g) = -116*g**2 + 3014*g + 41. Calculate s(26).
-11
Let b(z) = -z**2 + 1990*z - 45252. Determine b(23).
-11
Let v(j) = -95*j - 605. Give v(-6).
-35
Let n(b) = -3*b**3 + 76*b**2 + 48*b + 116. Calculate n(26).
12
Let w(b) = 13*b**2 - 15*b + 93. What is w(5)?
343
Let f(g) = g**2 + 28*g + 134. Calculate f(-6).
2
Let s(h) = -h**2 + 35*h + 8058. Determine s(109).
-8
Let k(d) = 2*d**2 - 92*d + 605. What is k(8)?
-3
Let t(o) = -o**3 + o**2 + 102*o - 108. Calculate t(10).
12
Let n(x) = 8*x - 837. What is n(58)?
-373
Let r(m) = -m**3 - 8*m**2 - 13*m - 231. Give r(-9).
-33
Let b(q) = q**3 + 2*q**2 - 20*q + 33. Give b(3).
18
Let o(g) = -4*g**2 - 256*g - 1581. What is o(-57)?
15
Let d(y) = 498*y - 19420. What is d(39)?
2
Let b(q) = 6*q**2 + 64*q + 151. What is b(-7)?
-3
Let p(u) = 121*u**3 + 9*u**2 - u. Determine p(1).
129
Let v(i) = -i**3 + 23*i**2 - 88*i - 287. What is v(17)?
-49
Let k(a) = -12*a**2 - 63*a - 586. Calculate k(-10).
-1156
Let q(j) = 2*j**2 - 78*j - 43. What is q(42)?
209
Let v(b) = -17*b - 37. Calculate v(-4).
31
Let y(g) = -193*g + 1686. What is y(9)?
-51
Let n(g) = -629*g**2 + 2513*g + 5. Give n(4).
-7
Let s(a) = -2*a**3 - 22*a**2 + 23*a + 352. Calculate s(-11).
99
Let p(v) = 26*v**2 + 74*v - 275. Determine p(4).
437
Let p(y) = -y**3 + 17*y**2 + 38*y - 121. What is p(18)?
239
Let u(i) = 133*i + 1360. Determine u(-13).
-369
Let l(w) = 113*w**2 + 139*w + 140. What is l(-1)?
114
Let m(b) = 458*b - 5021. Calculate m(11).
17
Let d(h) = -h**3 - 10*h**2 - 22*h - 18. Calculate d(-9).
99
Let x(q) = 5*q**2 - 49*q + 142. Calculate x(10).
152
Let v(k) = k**3 - k**2 - 70*k + 62. Give v(7).
-134
Let t(m) = 21*m**2 + 208*m + 429. What is t(-3)?
-6
Let n(z) = 137*z + 953. Give n(-7).
-6
Let r(a) = a**3 + 47*a**2 + 48*a + 92. Determine r(-46).
0
Let b(a) = -69*a - 2575. Determine b(-25).
-850
Let x(a) = -6*a**2 - 14*a - 34. Give x(-5).
-114
Let a(y) = -5*y**3 - 590*y**2 + 4*y + 491. Determine a(-118).
19
Let r(w) = 2*w**3 - 54*w**2 + 26. What is r(27)?
26
Let b(v) = 2168*v + 21678. Give b(-10).
-2
Let n(c) = -8*c**2 - 35*c + 52. Give n(-9).
-281
Let b(v) = v**3 - 38*v**2 + 338*v + 29. Determine b(24).
77
Let w(f) = 3*f**2 - 33*f + 109. Calculate w(4).
25
Let w(x) = x**3 - 5*x**2 - 19*x + 25. Determine w(6).
-53
Let l(s) = -s**3 + 27*s**2 + 5*s - 74. Determine l(27).
61
Let m(p) = -1472*p - 2951. Calculate m(-2).
-7
Let x(s) = -s**3 - 60*s**2 - 538*s + 58. Give x(-49).
9
Let z(a) = a**2 + 17*a + 4. Give z(-15).
-26
Let k(q) = -183*q + 1171. Calculate k(7).
-110
Let v(z) = 2393*z + 9516. Calculate v(-4).
-56
Let y(l) = -21*l - 27. Determine y(4).
-111
Let b(o) = o**2 + 28*o + 136. Calculate b(-22).
4
Let q(r) = r**3 + 14*r**2 - 23*r + 60. Give q(-16).
-84
Let j(f) = -3*f**2 + 126*f - 112. Give j(41).
11
Let l(j) = 79*j - 55. Give l(0).
-55
Let a(u) = u**3 - 92*u**2 - 390*u + 575. Calculate a(96).
-1
Let n(q) = -51*q - 880. Give n(-17).
-13
Let s(m) = -575*m - 511. What is s(-1)?
64
Let i(d) = -4*d**2 - 21*d - 37. Give i(-2).
-11
Let d(s) = -88*s + 2280. Give d(26).
-8
Let p(t) = -t**3 - 14*t**2 + 12*t - 87. What is p(-15)?
-42
Let v(y) = 44*y + 237. Calculate v(-7).
-71
Let f(a) = 4*a**2 + 56*a + 48. What is f(-13)?
-4
Let q(n) = -13*n**2 + 106*n + 15. What is q(7)?
120
Let s(o) = -353*o - 2486. Determine s(-7).
-15
Let k(r) = 381*r - 2230. Determine k(6).
56
Let g(p) = 49*p - 3111. Determine g(65).
74
Let f(a) = 2*a**3 + a**2 + 42*a - 309. Determine f(0).
-309
Let j(v) = -173*v - 25083. Give j(-145).
2
Let t(y) = -y**2 - 5*y - 13. What is t(-2)?
-7
Let w(f) = 21*f + 53. Give w(-9).
-136
Let w(k) = -7*k**2 - 149*k + 101. Determine w(-22).
-9
Let n(j) = 22*j**2 + 120*j - 990. What is n(-10)?
10
Let l(r) = -r**3 - r**2 + 6*r. What is l(2)?
0
Let g(x) = 69*x - 325. Calculate g(4).
-49
Let m(d) = d**3 - 42*d**2 - 16*d + 503. What is m(42)?
-169
Let x(o) = o**3 + 5*o**2 + 14*o + 197. Determine x(0).
197
Let r(a) = -a**3 + 5*a**2 + 218*a - 894. Determine r(4).
-6
Let x(a) = 2*a**2 - 2*a - 7. What is x(9)?
137
Let m(u) = u**2 + 312*u - 9522. Give m(-340).
-2
Let o(n) = n**3 - 287*n**2 - 7798*n + 50. What is o(-25)?
0
Let o(y) = -80*y**2 + 8*y - 20. Determine o(2).
-324
Let k(v) = 152*v + 1213. What is k(-8)?
-3
Let h(m) = -30*m + 655. Give h(25).
-95
Let h(r) = -40*r + 160. Calculate h(3).
40
Let h(j) = -29*j - 622. Give h(-16).
-158
Let r(h) = h**3 + 14*h**2 + 9*h + 121. Determine r(-14).
-5
Let i(n) = -27*n**2 - 3*n - 7. Determine i(-2).
-109
Let y(b) = 112*b - 9. Give y(-1).
-121
Let b(z) = z**3 - 10*z**2 - 51*z + 379. Calculate b(14).
449
Let y(n) = 3*n**3 - 13*n**2 - 4*n - 27. Give y(5).
3
Let d(r) = 8*r**2 - 13*r + 30. Determine d(5).
165
Let s(f) = 298*f - 1779. What is s(6)?
9
Let h(j) = 156*j - 15915. What is h(102)?
-3
Let k(m) = 6*m**2 + 173*m - 36. Calculate k(-29).
-7
Let o(d) = -12*d + 69. What is o(-2)?
93
Let p(l) = -l**3 + 9*l**2 + 8*l - 111. Calculate p(7).
43
Let h(u) = 35*u**2 - 13*u + 7. Determine h(1).
29
Let x(m) = 41*m - 1796. Calculate x(36).
-320
Let y(a) = -3*a**2 + 54*a - 259. Give y(29).
-1216
Let g(b) = 5*b**3 + 64*b**2 - 12*b + 21. Determine g(-13).
8
Let w(v) = 22*v + 100. What is w(-7)?
-54
Let p(i) = -4*i**3 + 6*i**2 - 6*i + 13. What is p(4)?
-171
Let w(d) = -7*d**2 + 2486*d - 2487. Determine w(1).
-8
Let p(h) = h**3 + 2*h**2 + 432. Give p(0).
432
Let p(y) = y**3 + 9*y**2 + 17*y + 48. Calculate p(-9).
-105
Let t(x) = x**2 + 160*x + 5779. Determine t(-105).
4
Let k(j) = -1024*j + 5053. Give k(5).
-67
Let j(z) = 29*z - 368. What is j(8)?
-136
Let d(n) = 7*n - 204. Give d(23).
-43
Let b(f) = -138*f**2 - 2810*f - 1007. Give b(-20).
-7
Let a(b) = -b**3 + 16*b**2 - 25*b + 124. Give a(15).
-26
Let u(a) = a**2 - 20*a - 272. Calculate u(31).
69
Let x(a) = -5*a - 59. Calculate x(-13).
6
Let w(l) = -597*l - 1205. Give w(-2).
-11
Let q(w) = -17*w - 34. What is q(-6)?
68
Let u(z) = 41*z**2 + 821*z + 1. What is u(-20)?
-19
Let z(p) = -2*p**2 - 29*p - 117. Calculate z(-7).
-12
Let p(s) = 104*s - 1019. Give p(0).
-1019
Let g(s) = -196*s**3 + 6*s**2 + 4*s - 2. Determine g(-1).
196
Let w(f) = -71*f + 2297. Calculate w(32).
25
Let y(n) = 2*n**2 + 3*n - 25. Determine y(-8).
79
Let v(i) = 3*i**2 + 26*i - 90. Determine v(-11).
-13
Let c(a) = a**2 - 11*a - 215. What is c(23)?
61
Let s(h) = -h**3 - 2*h**2 + 1600*h - 17. Determine s(-41).
-58
Let i(j) = 3*j**3 + 8*j**2 - 18*j + 8. Give i(2).
28
Let s(y) = 2*y**3 + 24*y**2 - 742*y + 204. Calculate s(14).
8
Let t(j) = -j**2 + 17*j + 31. What is t(18)?
13
Let a(p) = -27*p - 133. What is a(-6)?
29
Let j(k) = 6*k**2 - 50*k - 19. Calculate j(7).
-75
Let g(i) = -8*i**2 - 7*i - 7. Give g(-1).
-8
Let d(h) = -579*h - 4864. Give d(-9).
347
Let u(l) = 2*l**3 + 356*l**2 + 351*l - 611. Give u(-177).
-80
Let u(h) = h**2 + 113*h - 3787. Determine u(27).
-7
Let d(o) = -o**3 - 6*o**2 - 4*o - 89. What is d(-8)?
71
Let x(s) = 7*s**2 - 125*s + 267. Determine x(15).
-33
Let l(o) = -94*o**3 - 2*o**2 - 4*o + 10. Give l(2).
-758
Let s(t) = 3*t**3 - 15*t**2 + 19*t - 41. Determine s(4).
-13
Let i(l) = 5*l**2 - 25*l - 9. What is i(-6)?
321
Let l(o) = 42*o - 54. What is l(7)?
240
Let a(j) = -19*j - 137. Calculate a(-6).
-23
Let t(s) = s**3 - 6*s**2 + 146*s - 712. What is t(5)?
-7
Let t(d) = 46*d**2 + 190*d + 29. Give t(-4).
5
Let n(r) = -93*r**2 + 59*r + 1. Give n(1).
-33
Let g(o) = 104*o - 200. What is g(2)?
8
Let a(r) = -385*r**2 - 1542*r - 8. What is a(-4)?
0
Let o(m) = 375*m - 8620. Calculate o(23).
5
Let c(i) = 2*i**2 - 65*i - 703. What is c(41)?
-6
Let l(x) = 66*x - 22. Calculate l(1).
44
Let w(n) = -48*n**2 - 10*n - 9. What is w(-1)?
-47
Let b(r) = r**2 - 41*r + 236. Determine b(34).
-2
Let u(n) = -n**3 + 13*n**2 + 16*n + 54. Give u(15).
-156
Let d(k) = -k**3 + 17*k**2 - 9*k - 60. Calculate d(16).
52
Let h(t) = 2*t**3 + 140*t**2 + 278*t + 235. Calculate h(-68).
-173
Let q(k) = -2*k**3 - 61*k**2 - 264*k - 52. Give q(-5).
-7
Let o(p) = -p**3 + 39*p**2 + 6*p + 319. What is o(39)?
553
Let a(g) = -3*g**3 - 8*g**2 + 10*g - 8. Calculate a(-4).
16
Let k(c) = c**2 + 171*c + 1595. Calculate k(-162).
137
Let b(i) = -2*i**2 - 2*i + 41